 5*j(p). Is u(11) a prime number?
True
Suppose 0 = -0*m - 3*m + 2205. Suppose 5*a = -m - 5040. Let u = a - -2044. Is u a composite number?
True
Suppose 2543 = w + 928. Suppose 5965 = 5*u + 4*q, -4*u + w = -3*q - 3157. Is u a prime number?
True
Let u be 3092/3*25026/172. Suppose 150372 = 46*p - u. Is p a composite number?
False
Let o(x) = 7*x + 15 + 107*x + 220*x. Let i be o(-12). Is 3 - (8 + -1) - i composite?
False
Let f(t) = -t**3 + 6*t**2 - 23. Let g be f(5). Suppose -2*n = -4*l - 3*n + 8783, g*n = 2*l - 4384. Is l composite?
True
Suppose -2*h + 3*t = -67100, -2*h + 69*t = 72*t - 67064. Is h prime?
False
Let i = 23557 - 5011. Suppose -3*u = -4*f + 100201, f + 2*u = i + 6518. Is f a composite number?
True
Let b(s) = -33*s**3 + 29*s**2 + 24*s - 21. Is b(-19) composite?
False
Let i(d) = -47*d**3 - 4*d**2 - 55*d + 9. Is i(-7) prime?
True
Is 20/(-14) + 55524642/469 - (7 - 0) a prime number?
False
Is (((-176)/(-110))/(-8))/(2/(-353810)) prime?
True
Let l be 2 - (3 - 2) - -102238. Suppose l = 18*t + t. Is t composite?
False
Let k(r) = -10*r**3 - 2*r**2 - 5*r. Let q be k(-2). Suppose -75*b - 23702 = -q*b. Is b composite?
True
Suppose 0 = -11*d + 4*d. Suppose 0 = -y - d*y - 2*y. Suppose y = 4*q + i - 505, -5*i - 139 = -3*q + 257. Is q composite?
False
Is (-106086392)/(-680) + 12/(-5) a composite number?
False
Let h(f) = -f**2 - 11*f + 14. Let o(k) = -2*k**2 - 9*k - 7. Let j be o(-5). Let s be h(j). Is (5/(-5))/(s/(-110)) a prime number?
False
Suppose -1958 = -4*p + 2*p. Suppose -2*o - 5*i + 580 = o, 4*i = 5*o - p. Let r = 248 + o. Is r a prime number?
True
Suppose -2*x - 31 = -5. Let b(p) = -16*p**3 + 12*p**2 + 5*p - 4. Let c be b(x). Suppose c = 12*w + 7435. Is w composite?
False
Is (-4)/18 - (45739074/5022)/(2/(-6)) prime?
False
Let k be (-2937)/(-356)*2*2. Is 9951/6 - k/22 a composite number?
False
Suppose -2*h - 367 = 5*c, 191 = -3*h + 2*h + 5*c. Let p = h + 863. Is p a prime number?
True
Suppose -3*t + 10116 = -2664. Suppose 4*j - 2*p - p - 8520 = 0, 2*j - 3*p = t. Suppose 5*x + 2*r - 5321 = -2*r, -2*x = 2*r - j. Is x a composite number?
False
Let x(t) = t**2 + 27*t + 23. Let l be x(-13). Let k = l + 19790. Is k a prime number?
False
Let b(i) = 100418*i. Let h be b(1). Let z = -71115 + h. Is z a prime number?
True
Suppose 30*l = 45*l - 90. Is (-38526)/(-36)*-9*(-4)/l a composite number?
False
Suppose 0 = -v + 2*v - 4*c - 25, 2*v = 5*c + 47. Suppose -6*a - 8475 = -v*a. Is a a composite number?
True
Suppose -3*y + 4*y = -4*a + 551709, y - 551704 = -3*a. Is y prime?
True
Is (2 - (-1965)/9)*3*(-10 - -173) a prime number?
False
Suppose 0 = p - 559*i + 554*i - 156113, 780409 = 5*p + i. Is p a prime number?
False
Suppose 3*n + 11431 = 4*s, -2*s - 8*n + 7*n = -5713. Is s prime?
True
Is 79215 - (-15 + (-90)/(-10) - 0/3) a prime number?
False
Suppose -26*z + 14633 - 1529 = 0. Suppose 3*c - 7*c = r - 673, -3*r = 3*c - 498. Let x = z + c. Is x prime?
True
Let q be 7/2*((-84)/7)/(-3). Suppose -q*a + 683 = -103295. Is a composite?
True
Let f(j) = -21*j**3 + 2*j**2 - 5*j + 1. Let h be f(-4). Let n = 370 + 95. Suppose n = -4*x + h. Is x prime?
True
Suppose 4*g = 2*r + 644 + 1236, -4*r = -g + 3795. Let k = r + 12652. Is k composite?
True
Let o be (-7424)/36 - (-4)/18. Suppose 0 = -28*d - 13802 + 3974. Let n = o - d. Is n a composite number?
True
Let g = -113 - -102. Let y(u) = 9*u**2 + 7*u - 20. Let i be y(g). Suppose 0 = 3*h - 1765 - i. Is h prime?
True
Suppose -829*r + 582*r + 121620577 = 0. Is r prime?
False
Let r(f) be the second derivative of 7*f**6/80 + f**5/6 + f**4/4 - 6*f. Let z(x) be the third derivative of r(x). Is z(9) prime?
True
Let c(a) = 2*a + 6. Let j be c(-15). Let f be 1 - 3*j/9. Let q(r) = 10*r**2 - 11*r + 8. Is q(f) composite?
False
Suppose -4*d + 16 = 32. Is (2/4)/((-284380)/71096 - d) a prime number?
True
Let s(q) = 2*q**3 - 14*q**2 + 4*q + 19. Let k be s(7). Let t = k + -53. Let a(m) = -237*m - 79. Is a(t) prime?
False
Suppose 0 = -12*g - 26*g + 2963962. Is g composite?
False
Suppose -9 + 279 = 27*c. Suppose -12658 = -c*y - 1148. Is y a composite number?
False
Suppose 0*o + 316 = o - 3*p, 0 = 4*o + p - 1251. Suppose -o*b = -325*b + 36948. Is b a composite number?
False
Let p be (1074/(-10))/(-3 + 70/25). Is p + (-5)/30*4*-6 composite?
False
Let t(y) = 22*y + 48*y + 5 + 8. Is t(7) a composite number?
False
Suppose 0 = -2*p - 0*p + 8. Suppose -p*s + 9*s = 10. Suppose 2*a = -s*a + 1508. Is a composite?
True
Suppose n = -5*y + 2450, -4*y + 4568 = 3*n - 2782. Let t = n + -1263. Is t prime?
True
Suppose 3*h - 5*z - 1 = 3, 0 = 5*h + 3*z - 18. Suppose h*d = 32*d - 205001. Is d prime?
True
Let h = -158 - -234. Let i = h - 41. Suppose k - i = -0*k. Is k composite?
True
Is (-74599)/((-4)/6 - 69/207) a composite number?
True
Suppose -23*w + 28*w - 360 = 0. Suppose -w*k = -66*k - 21678. Is k prime?
True
Let w(h) = -h - 2. Let n be w(-5). Let s(f) = 1138*f - 211. Is s(n) a composite number?
False
Let t = 47584 + 29553. Is t composite?
False
Suppose 0 = -2*a + 8, 7*n - 6*n = 3*a + 33. Suppose 51*r = n*r + 97986. Is r prime?
False
Is (97660850/(-950) - (-2)/(-19))*2/(-6) prime?
True
Let d(n) = 196*n**2 + 5*n + 7. Let p be (-6)/(24/(-6) + 10/4). Is d(p) prime?
True
Let b be ((-8)/10)/((-8)/(-40)) + 11. Let w(k) = 880*k + 33. Is w(b) a prime number?
False
Suppose 2*a + 2 - 8 = 0. Suppose 0 = -a*b + 4*f + 5839, -9737 = -0*b - 5*b + 4*f. Is b a composite number?
False
Let y(c) = 2036*c + 33. Let h be y(3). Let l(n) = 18*n + 6. Let x be l(-4). Is h/18 + 11/x prime?
False
Let i = -260 - -437. Suppose 5*t - 3*t = -24. Is ((-8)/t)/2*i a prime number?
True
Let k(r) = 38 - 12 + 18*r + 45 + 68. Is k(-7) composite?
False
Suppose 27 - 32 = 5*p. Is (-15)/(-15) - 0 - 1170/p a composite number?
False
Suppose -3*i + 2120196 = -9*f, -1242930 = -3*i - 2*f + 877365. Is i prime?
False
Let p be 1/(23/115 - 9/20). Is (-5 - -7)/(p/(-174)) a composite number?
True
Suppose -78007 = 4*m - 4*y - 224255, -4*m - 5*y + 146203 = 0. Is m prime?
False
Let a(v) = -2*v**2 + 37*v - 78. Let w be a(16). Suppose -w*o + 7103 = -7895. Is o prime?
True
Suppose 2*w - 3061 = -4*q + 4157, 10821 = 3*w + 3*q. Suppose 0 = 17*f - 16*f - w. Suppose 17*s - f = 12*s. Is s prime?
False
Let x = 28 - 19. Suppose 648 = 9*o - 44487. Is 6/(-27) + o/x a prime number?
True
Suppose 34 + 20 = 27*r. Suppose -r*b = -248 - 4950. Is b composite?
True
Let l = -346 - -342. Is l/(-16)*(-230004)/(-9) a prime number?
True
Suppose -4*f - 4*v = 0, 3*f + v + 18 = 8*f. Suppose 810 = f*i + 237. Is i composite?
False
Let o = 461 + -221. Is o/(-180) + (-12691)/(-3) prime?
True
Let u(a) = -616*a**3 - 3*a**2 + 2*a - 3. Let k = -195 - -193. Is u(k) a composite number?
False
Let m = 119303 - 81264. Is m a prime number?
True
Suppose 6*l - 2111192 = -5*q - 136026, 987569 = 3*l - q. Is l composite?
False
Suppose -h + r + 33 = -31, r = -1. Let c = h - 60. Suppose c*x - 1009 - 110 = 0. Is x composite?
False
Let l(o) = -3098*o + 63. Let x be l(6). Let u = -7146 - x. Is u a composite number?
True
Let l(c) = 2*c**2 - 32*c + 78569. Is l(0) composite?
False
Let h be (128 - 1/(-1))*8/24. Let g = -41 + h. Suppose -g*d = 2*d - 3676. Is d prime?
True
Suppose 3*g + 669*f = 664*f + 1686487, -4*g + 2248664 = 3*f. Is g a prime number?
True
Suppose 116956 = 5*o + 3*u, -50021 = -5*o - u + 66941. Is o a composite number?
True
Suppose 5*r - 40 = 5*g, 2*r - g + 12 = -6*g. Suppose -w + r*q - 86 = -417, 2*q = w - 331. Is w a prime number?
True
Is 333488/3 + 9/216*-40 a prime number?
False
Suppose -5*n + 9*n - 3880 = 0. Suppose c = -4*r - 0*r + 1315, -3*r - 4*c = -n. Suppose u = m + 132, 5*u - 333 = 2*m + r. Is u a composite number?
True
Suppose 2*u = -3*p + 10597, -29616 = -5*p + 4*u - 11947. Let t = p + -1206. Is t a prime number?
False
Suppose q - 5*t = 136069, -6*q + 62*t + 816478 = 64*t. Is q prime?
False
Let v(t) = 49*t - 7. Let j be v(8). Suppose -6*k + j + 347 = 0. Suppose -4727 = -15*u - k. Is u a prime number?
True
Let d be 6/(-21) - (-1 + 94/14). Let t be ((-27)/18)/(d/(-4) + -1). Is 804/8*(-2 + (-20)/t) a composite number?
True
Let y = 14 - 8. Let m be 34/y + (-6)/9. Suppose -4844 = -m*d + 3*l, 2*d + 3*l - 1183 = 742. Is d a composite number?
False
Suppose 4*n + 0*n - 12 = 0. Let q = n - 5. Is ((-2)/3)/(q/2067) a composite number?
True
Suppose